928089.
3
What is the greatest common divisor of 5715696 and 2688?
336
What is the greatest common factor of 5470067 and 3422?
1711
What is the highest common divisor of 49317 and 84129?
2901
Calculate the greatest common divisor of 38178 and 5987684.
202
What is the highest common factor of 135 and 25565004?
27
What is the greatest common divisor of 28 and 2712626?
14
Calculate the greatest common divisor of 1400948 and 244.
4
Calculate the greatest common factor of 763587 and 6732.
99
What is the highest common factor of 1749030 and 480?
30
What is the highest common factor of 109026 and 333234?
162
What is the highest common divisor of 248 and 11017648?
248
Calculate the highest common divisor of 477 and 42494499.
477
What is the highest common divisor of 1997343 and 2369?
23
What is the highest common divisor of 6994 and 26558370?
538
What is the highest common factor of 29 and 31764019?
29
What is the greatest common factor of 139541541 and 37?
37
What is the greatest common factor of 24163 and 133079?
73
Calculate the highest common divisor of 105 and 740521950.
105
What is the greatest common divisor of 1288 and 373352?
56
Calculate the highest common factor of 588191268 and 853.
853
Calculate the greatest common divisor of 45529605 and 2115.
2115
Calculate the greatest common factor of 1544909 and 70091.
323
What is the highest common factor of 588 and 308960680?
196
Calculate the greatest common factor of 336790 and 650.
10
Calculate the greatest common divisor of 866 and 107498.
2
What is the highest common divisor of 366 and 1486068?
6
Calculate the highest common divisor of 16 and 1321693.
1
Calculate the greatest common factor of 6 and 27817107.
3
Calculate the highest common divisor of 5141810 and 246.
82
Calculate the highest common divisor of 756 and 2986767.
189
What is the greatest common divisor of 4683 and 41097?
21
Calculate the greatest common divisor of 5530 and 215985.
35
What is the highest common factor of 12561504 and 51?
51
Calculate the greatest common factor of 65147552 and 24.
8
What is the highest common divisor of 1419512 and 764?
764
What is the highest common factor of 78298464 and 3468?
204
Calculate the highest common divisor of 140 and 18483990.
70
Calculate the highest common factor of 5436 and 425490669.
1359
What is the greatest common factor of 127505554 and 9064?
2266
Calculate the greatest common divisor of 1014 and 7432958.
338
What is the greatest common divisor of 9446 and 136508869?
4723
Calculate the greatest common factor of 48 and 5972288.
16
Calculate the highest common factor of 108336 and 2917752.
1464
Calculate the greatest common factor of 9396782 and 30008.
62
Calculate the greatest common factor of 237 and 934734.
3
What is the highest common divisor of 368 and 4813532?
92
What is the greatest common divisor of 850 and 65093?
17
Calculate the highest common divisor of 102 and 84339159.
51
Calculate the highest common factor of 174972 and 6951.
21
What is the highest common factor of 983341 and 55208?
103
What is the highest common divisor of 2884226 and 1431032?
3166
What is the highest common divisor of 902108 and 12?
4
Calculate the highest common factor of 60760 and 4011245.
1085
What is the greatest common divisor of 32 and 19170864?
16
Calculate the highest common divisor of 3991464 and 40392.
3672
What is the greatest common factor of 5708272 and 24?
8
What is the greatest common factor of 31007805 and 5?
5
Calculate the greatest common divisor of 220676 and 3012484.
5132
What is the greatest common divisor of 901 and 175729?
17
What is the greatest common factor of 1937106 and 44298?
414
What is the highest common factor of 5713 and 441757?
29
What is the greatest common factor of 1643 and 3031769?
31
What is the highest common factor of 19500687 and 9096?
1137
Calculate the highest common factor of 4085471 and 715.
13
Calculate the greatest common divisor of 12 and 7347936.
12
What is the greatest common divisor of 268104159 and 2781?
927
Calculate the greatest common factor of 127166358 and 11033.
11033
What is the highest common divisor of 1204 and 14463652?
1204
Calculate the highest common divisor of 43251453 and 5607.
63
Calculate the greatest common divisor of 4037904 and 56.
8
Calculate the greatest common divisor of 228 and 6171200.
76
Calculate the highest common divisor of 75963009 and 15.
3
What is the highest common factor of 3752 and 432032951?
469
Calculate the highest common factor of 76 and 17695536.
76
Calculate the highest common factor of 269358 and 30.
6
What is the greatest common factor of 63577 and 51?
1
What is the highest common factor of 107440 and 42143?
17
Calculate the highest common divisor of 295 and 166701845.
295
Calculate the highest common divisor of 26 and 1055154.
2
Calculate the greatest common factor of 3942505 and 245.
35
What is the highest common factor of 2140 and 3386260?
20
Calculate the greatest common divisor of 769810768 and 688.
688
Calculate the greatest common factor of 2297440 and 13363.
83
What is the greatest common divisor of 1308609 and 7344?
459
What is the greatest common factor of 502 and 74679026?
502
What is the highest common divisor of 1515196485 and 510?
255
Calculate the highest common factor of 23909754 and 110.
22
What is the greatest common factor of 1325883 and 3783?
39
What is the highest common divisor of 98789 and 16484473?
443
What is the highest common factor of 2097924 and 684?
12
Calculate the highest common factor of 244 and 175964.
4
What is the greatest common factor of 285145260 and 1380?
1380
Calculate the highest common divisor of 18832 and 3704982.
214
Calculate the greatest common divisor of 9036 and 60973422.
1506
What is the highest common divisor of 25395238 and 10390?
2078
Calculate the highest common factor of 20250782 and 4.
2
Calculate the greatest common divisor of 33077240 and 1785.
595
Calculate the highest common factor of 5654 and 109392564.
514
Calculate the greatest common factor of 18200915 and 21040.
1315
What is the greatest common divisor of 24123 and 1991?
11
Calculate the greatest common divisor of 69384 and 6297774.
294
Calculate the highest common factor of 12808 and 164.
4
What is the highest common factor of 2131203 and 154896?
1383
What is the greatest common divisor of 22979476 and 52?
52
What is the greatest common factor of 14491 and 162097?
337
What is the greatest common divisor of 2199965 and 139385?
305
Calculate the greatest common divisor of 5433012 and 118332.
684
Calculate the highest common divisor of 20033824 and 428.
428
What is the highest common factor of 280618 and 3234386?
502
What is the highest common factor of 264 and 386144?
88
What is the greatest common divisor of 320907990 and 2834?
2834
What is the highest common divisor of 1067 and 3450365369?
1067
Calculate the greatest common factor of 46174598 and 38.
38
Calculate the greatest common divisor of 4272 and 29538032.
1424
Calculate the highest common factor of 14094 and 1143006.
174
Calculate the highest common factor of 140292 and 56862.
162
Calculate the highest common factor of 36010 and 1076335.
65
Calculate the greatest common factor of 360400 and 1284826.
1802
What is the highest common divisor of 6420 and 41250?
30
Calculate the highest common factor of 410376 and 56.
8
What is the greatest common factor of 1572701 and 1807?
13
What is the greatest common divisor of 121 and 7596488174?
121
Calculate the highest common divisor of 528 and 4000392.
264
What is the highest common divisor of 95872 and 1883392?
896
What is the greatest common factor of 5589211 and 76?
19
Calculate the highest common divisor of 49353765 and 114960.
7185
What is the highest common divisor of 9049023 and 18?
9
What is the highest common factor of 12 and 139386144?
12
Calculate the greatest common divisor of 50768 and 772274.
38
Calculate the highest common factor of 11034 and 71594.
2
What is the greatest common factor of 605 and 7709031?
121
Calculate the highest common factor of 47231 and 298059.
73
What is the highest common factor of 3937550 and 135725?
1525
Calculate the highest common factor of 531207 and 405.
9
What is the highest common divisor of 312 and 28938000?
312
Calculate the highest common divi